{"id":12226,"date":"2024-07-04T13:53:10","date_gmt":"2024-07-04T11:53:10","guid":{"rendered":"https:\/\/www.mercatone-kassel.de\/shop\/?post_type=product&#038;p=12226"},"modified":"2026-02-11T13:41:09","modified_gmt":"2026-02-11T12:41:09","slug":"scialii-bianco-igp-terre-siciliane-2022-tenute-mokarta","status":"publish","type":"product","link":"https:\/\/www.mercatone-kassel.de\/shop\/shop\/weine\/weisswein\/scialii-bianco-igp-terre-siciliane-2022-tenute-mokarta\/","title":{"rendered":"Scialii Bianco Igp Terre Siciliane 2024 &#8211; Tenute Mokarta"},"content":{"rendered":"<p>Scialii ist ein Aperitifwein. Es ist eine Mischung aus Zibibbo- und Grillo-Trauben, zwei der einheimischen Rebsorten und eine der klassischsten in Sizilien.<\/p>\n<p>Probieren Sie ihn, um in Gesellschaft die richtige Harmonie zu schaffen, und begleiten Sie ihn zu Ihrem Aperitif oder Ihrem Mittag- und Abendessen auf Fischbasis.<\/p>\n<p>Im sizilianischen Dialekt bedeutet Scialii, sich zu verw\u00f6hnen, Spa\u00df zu haben und die Momente des Lebens in Harmonie, Gelassenheit und Unbeschwertheit in vollen Z\u00fcgen zu genie\u00dfen.<\/p>\n<div id=\"tw-target-text-container\" class=\"tw-ta-container F0azHf tw-nfl\" tabindex=\"0\">\n<p id=\"tw-target-text\" class=\"tw-data-text tw-text-large tw-ta\" dir=\"ltr\" data-placeholder=\"\u00dcbersetzung\" aria-label=\"\u00dcbersetzter Text\" data-ved=\"2ahUKEwjHvfC1po2HAxV12AIHHcflCAwQ3ewLegQIBRAT\"><span class=\"Y2IQFc\" lang=\"de\">Jung, frisch, elegant und fruchtig. Angenehme, blasse, strohgelbe Farbe mit gr\u00fcnen Reflexen. In der Nase elegant, duftend mit aromatischen pflanzlichen Noten, die einen Hauch von gelben Fr\u00fcchten und Spuren von S\u00fc\u00dfe entwickeln. <\/span><\/p>\n<p class=\"tw-data-text tw-text-large tw-ta\" dir=\"ltr\" data-placeholder=\"\u00dcbersetzung\" aria-label=\"\u00dcbersetzter Text\" data-ved=\"2ahUKEwjHvfC1po2HAxV12AIHHcflCAwQ3ewLegQIBRAT\"><span class=\"Y2IQFc\" lang=\"de\">Am Gaumen ist er vollmundig mit einem ausgewogenen S\u00e4ureprofil.<\/span><\/p>\n<\/div>\n<div id=\"tw-target-rmn-container\" class=\"tw-target-rmn tw-ta-container F0azHf tw-nfl\">\n<pre id=\"tw-target-rmn\" class=\"tw-data-placeholder tw-text-small tw-ta\" dir=\"ltr\" data-placeholder=\"\"><\/pre>\n<\/div>\n<div class=\"iYB33c\">\n<div class=\"dlJLJe\">\n<div data-cviv=\"false\" data-ved=\"2ahUKEwjHvfC1po2HAxV12AIHHcflCAwQz_AEegQIBRAU\">\n<div class=\"U9URNb\"><img loading=\"lazy\" decoding=\"async\" id=\"dimg_3\" class=\"YQ4gaf zr758c wA1Bge\" src=\"data:image\/png;base64,iVBORw0KGgoAAAANSUhEUgAAABQAAAAUCAQAAAAngNWGAAAA\/0lEQVR4AYXNMSiEcRyA4cfmGHQbCZIipkuxnJgMStlMNmeyD2dwmc8+sZgxYJd9ErIZFHUyYYD7fkr6l4\/rnvmtl7+KitrqV\/fq2Y5eLY3Z9S48eRLe7BmVZ9qhTLhQ0algzZWQOVKSsCF8OjAnwbxDTWFDUhPK\/jMr1H6HE\/IqRky2DyvCefuwItwZzodVoYRiLqMkVCXrwpJ9twZ+sgfDYEFYl8wIWxZ9uFf7zkallxlJh4YrLGsKjZRx7VGHhLqwgFUN45DGdb8MeXGpgB4ABZdeDcpZEY51A+hyLKz4S1W4MQWm3AibWtgWmk6dyISa1pSdyWTOlLXVp0+eL9D\/ZPfBTNanAAAAAElFTkSuQmCC\" alt=\"Symbol \u201eVon der Community \u00fcberpr\u00fcft\u201c\" width=\"16\" height=\"16\" data-csiid=\"94mGZofmO_Wwi-gPx8ujYA_5\" data-atf=\"0\" \/><\/div>\n<\/div>\n<\/div>\n<\/div>\n","protected":false},"excerpt":{"rendered":"<p>Scialii ist ein Aperitifwein. Es ist eine Mischung aus Zibibbo- und Grillo-Trauben, zwei der einheimischen Rebsorten und eine der klassischsten in Sizilien. Probieren Sie ihn, um in Gesellschaft die richtige Harmonie zu schaffen, und begleiten Sie ihn zu Ihrem Aperitif oder Ihrem Mittag- und Abendessen auf Fischbasis. Im sizilianischen Dialekt bedeutet Scialii, sich zu verw\u00f6hnen, [&hellip;]<\/p>\n","protected":false},"featured_media":12229,"comment_status":"open","ping_status":"closed","template":"","meta":[],"product_brand":[],"product_cat":[91,103,99,890,67],"product_tag":[256,735,255,591,142,90,604],"class_list":{"0":"post-12226","1":"product","2":"type-product","3":"status-publish","4":"has-post-thumbnail","6":"product_cat-italien","7":"product_cat-sizilien","8":"product_cat-trocken","9":"product_cat-weine","10":"product_cat-weisswein","11":"product_tag-grillo","12":"product_tag-perlwein","13":"product_tag-sizilien","14":"product_tag-tenute_mokarta","15":"product_tag-trocken","16":"product_tag-weisswein","17":"product_tag-zibibbo","19":"first","20":"instock","21":"taxable","22":"shipping-taxable","23":"purchasable","24":"product-type-simple"},"_links":{"self":[{"href":"https:\/\/www.mercatone-kassel.de\/shop\/wp-json\/wp\/v2\/product\/12226","targetHints":{"allow":["GET"]}}],"collection":[{"href":"https:\/\/www.mercatone-kassel.de\/shop\/wp-json\/wp\/v2\/product"}],"about":[{"href":"https:\/\/www.mercatone-kassel.de\/shop\/wp-json\/wp\/v2\/types\/product"}],"replies":[{"embeddable":true,"href":"https:\/\/www.mercatone-kassel.de\/shop\/wp-json\/wp\/v2\/comments?post=12226"}],"wp:featuredmedia":[{"embeddable":true,"href":"https:\/\/www.mercatone-kassel.de\/shop\/wp-json\/wp\/v2\/media\/12229"}],"wp:attachment":[{"href":"https:\/\/www.mercatone-kassel.de\/shop\/wp-json\/wp\/v2\/media?parent=12226"}],"wp:term":[{"taxonomy":"product_brand","embeddable":true,"href":"https:\/\/www.mercatone-kassel.de\/shop\/wp-json\/wp\/v2\/product_brand?post=12226"},{"taxonomy":"product_cat","embeddable":true,"href":"https:\/\/www.mercatone-kassel.de\/shop\/wp-json\/wp\/v2\/product_cat?post=12226"},{"taxonomy":"product_tag","embeddable":true,"href":"https:\/\/www.mercatone-kassel.de\/shop\/wp-json\/wp\/v2\/product_tag?post=12226"}],"curies":[{"name":"wp","href":"https:\/\/api.w.org\/{rel}","templated":true}]}}