{"id":16218,"date":"2024-09-19T15:25:10","date_gmt":"2024-09-19T13:25:10","guid":{"rendered":"https:\/\/www.mercatone-kassel.de\/shop\/?post_type=product&#038;p=16218"},"modified":"2025-07-06T22:01:54","modified_gmt":"2025-07-06T20:01:54","slug":"barbaresco-docg-2020-scrimaglio","status":"publish","type":"product","link":"https:\/\/www.mercatone-kassel.de\/shop\/shop\/weine\/rotwein\/barbaresco-docg-2020-scrimaglio\/","title":{"rendered":"Barbaresco Docg 2020 &#8211; Scrimaglio"},"content":{"rendered":"<p id=\"tw-target-text\" class=\"tw-data-text tw-text-large tw-ta\" dir=\"ltr\" data-placeholder=\"\u00dcbersetzung\" data-ved=\"2ahUKEwiwi92X3c6IAxVq3QIHHdeSJEsQ3ewLegQICBAT\" aria-label=\"Translated text: Tiefes Rubinrot. Samtig und schmackhaft, zart am Gaumen und ausgeglichen durch die S\u00e4ure. Ein Duft von Schattenmorellen, reifen Fr\u00fcchten und leichter Vanille, er stammt aus einer langen G\u00e4rung und Mazeration und wird anschlie\u00dfend f\u00fcr mindestens 1 Jahr in gro\u00dfen Eichenf\u00e4ssern verfeinert und anschlie\u00dfend einige Monate in der Flasche ruhen gelassen, damit es seinen ganzen Geschmack und seine Harmonie entfaltet.\"><span class=\"Y2IQFc\" lang=\"de\">Tiefes Rubinrot. <\/span><\/p>\n<p class=\"tw-data-text tw-text-large tw-ta\" dir=\"ltr\" data-placeholder=\"\u00dcbersetzung\" data-ved=\"2ahUKEwiwi92X3c6IAxVq3QIHHdeSJEsQ3ewLegQICBAT\" aria-label=\"Translated text: Tiefes Rubinrot. Samtig und schmackhaft, zart am Gaumen und ausgeglichen durch die S\u00e4ure. Ein Duft von Schattenmorellen, reifen Fr\u00fcchten und leichter Vanille, er stammt aus einer langen G\u00e4rung und Mazeration und wird anschlie\u00dfend f\u00fcr mindestens 1 Jahr in gro\u00dfen Eichenf\u00e4ssern verfeinert und anschlie\u00dfend einige Monate in der Flasche ruhen gelassen, damit es seinen ganzen Geschmack und seine Harmonie entfaltet.\"><span class=\"Y2IQFc\" lang=\"de\">Samtig und schmackhaft, zart am Gaumen und ausgeglichen durch die S\u00e4ure.<\/span><\/p>\n<p class=\"tw-data-text tw-text-large tw-ta\" dir=\"ltr\" data-placeholder=\"\u00dcbersetzung\" data-ved=\"2ahUKEwiwi92X3c6IAxVq3QIHHdeSJEsQ3ewLegQICBAT\" aria-label=\"Translated text: Tiefes Rubinrot. Samtig und schmackhaft, zart am Gaumen und ausgeglichen durch die S\u00e4ure. Ein Duft von Schattenmorellen, reifen Fr\u00fcchten und leichter Vanille, er stammt aus einer langen G\u00e4rung und Mazeration und wird anschlie\u00dfend f\u00fcr mindestens 1 Jahr in gro\u00dfen Eichenf\u00e4ssern verfeinert und anschlie\u00dfend einige Monate in der Flasche ruhen gelassen, damit es seinen ganzen Geschmack und seine Harmonie entfaltet.\"><span class=\"Y2IQFc\" lang=\"de\">Ein Duft von Schattenmorellen, reifen Fr\u00fcchten und leichter Vanille, er stammt aus einer langen G\u00e4rung und Mazeration<\/span><\/p>\n<p class=\"tw-data-text tw-text-large tw-ta\" dir=\"ltr\" data-placeholder=\"\u00dcbersetzung\" data-ved=\"2ahUKEwiwi92X3c6IAxVq3QIHHdeSJEsQ3ewLegQICBAT\" aria-label=\"Translated text: Tiefes Rubinrot. Samtig und schmackhaft, zart am Gaumen und ausgeglichen durch die S\u00e4ure. Ein Duft von Schattenmorellen, reifen Fr\u00fcchten und leichter Vanille, er stammt aus einer langen G\u00e4rung und Mazeration und wird anschlie\u00dfend f\u00fcr mindestens 1 Jahr in gro\u00dfen Eichenf\u00e4ssern verfeinert und anschlie\u00dfend einige Monate in der Flasche ruhen gelassen, damit es seinen ganzen Geschmack und seine Harmonie entfaltet.\"><span class=\"Y2IQFc\" lang=\"de\"> und wird anschlie\u00dfend f\u00fcr mindestens 1 Jahr in gro\u00dfen Eichenf\u00e4ssern verfeinert und anschlie\u00dfend einige Monate in der Flasche ruhen gelassen, <\/span><\/p>\n<p class=\"tw-data-text tw-text-large tw-ta\" dir=\"ltr\" data-placeholder=\"\u00dcbersetzung\" data-ved=\"2ahUKEwiwi92X3c6IAxVq3QIHHdeSJEsQ3ewLegQICBAT\" aria-label=\"Translated text: Tiefes Rubinrot. Samtig und schmackhaft, zart am Gaumen und ausgeglichen durch die S\u00e4ure. Ein Duft von Schattenmorellen, reifen Fr\u00fcchten und leichter Vanille, er stammt aus einer langen G\u00e4rung und Mazeration und wird anschlie\u00dfend f\u00fcr mindestens 1 Jahr in gro\u00dfen Eichenf\u00e4ssern verfeinert und anschlie\u00dfend einige Monate in der Flasche ruhen gelassen, damit es seinen ganzen Geschmack und seine Harmonie entfaltet.\"><span class=\"Y2IQFc\" lang=\"de\">damit es seinen ganzen Geschmack und seine Harmonie entfaltet.<\/span><\/p>\n","protected":false},"excerpt":{"rendered":"<p>Tiefes Rubinrot. Samtig und schmackhaft, zart am Gaumen und ausgeglichen durch die S\u00e4ure. Ein Duft von Schattenmorellen, reifen Fr\u00fcchten und leichter Vanille, er stammt aus einer langen G\u00e4rung und Mazeration und wird anschlie\u00dfend f\u00fcr mindestens 1 Jahr in gro\u00dfen Eichenf\u00e4ssern verfeinert und anschlie\u00dfend einige Monate in der Flasche ruhen gelassen, damit es seinen ganzen Geschmack [&hellip;]<\/p>\n","protected":false},"featured_media":16219,"comment_status":"open","ping_status":"closed","template":"","meta":[],"product_brand":[],"product_cat":[91,104,59,99,890],"product_tag":[534,453,174,170,86,1452,142],"class_list":{"0":"post-16218","1":"product","2":"type-product","3":"status-publish","4":"has-post-thumbnail","6":"product_cat-italien","7":"product_cat-piemont","8":"product_cat-rotwein","9":"product_cat-trocken","10":"product_cat-weine","11":"product_tag-barbaresco","12":"product_tag-barolo","13":"product_tag-nebbiolo","14":"product_tag-piemont","15":"product_tag-rotwein","16":"product_tag-scrimaglio","17":"product_tag-trocken","19":"first","20":"instock","21":"taxable","22":"shipping-taxable","23":"purchasable","24":"product-type-simple"},"_links":{"self":[{"href":"https:\/\/www.mercatone-kassel.de\/shop\/wp-json\/wp\/v2\/product\/16218","targetHints":{"allow":["GET"]}}],"collection":[{"href":"https:\/\/www.mercatone-kassel.de\/shop\/wp-json\/wp\/v2\/product"}],"about":[{"href":"https:\/\/www.mercatone-kassel.de\/shop\/wp-json\/wp\/v2\/types\/product"}],"replies":[{"embeddable":true,"href":"https:\/\/www.mercatone-kassel.de\/shop\/wp-json\/wp\/v2\/comments?post=16218"}],"wp:featuredmedia":[{"embeddable":true,"href":"https:\/\/www.mercatone-kassel.de\/shop\/wp-json\/wp\/v2\/media\/16219"}],"wp:attachment":[{"href":"https:\/\/www.mercatone-kassel.de\/shop\/wp-json\/wp\/v2\/media?parent=16218"}],"wp:term":[{"taxonomy":"product_brand","embeddable":true,"href":"https:\/\/www.mercatone-kassel.de\/shop\/wp-json\/wp\/v2\/product_brand?post=16218"},{"taxonomy":"product_cat","embeddable":true,"href":"https:\/\/www.mercatone-kassel.de\/shop\/wp-json\/wp\/v2\/product_cat?post=16218"},{"taxonomy":"product_tag","embeddable":true,"href":"https:\/\/www.mercatone-kassel.de\/shop\/wp-json\/wp\/v2\/product_tag?post=16218"}],"curies":[{"name":"wp","href":"https:\/\/api.w.org\/{rel}","templated":true}]}}