{"id":19621,"date":"2026-02-10T12:36:27","date_gmt":"2026-02-10T11:36:27","guid":{"rendered":"https:\/\/www.mercatone-kassel.de\/shop\/?post_type=product&#038;p=19621"},"modified":"2026-02-16T11:48:22","modified_gmt":"2026-02-16T10:48:22","slug":"amarone-della-valpolicella-docg-2015-dal-forno-romano-monte-lodoletta","status":"publish","type":"product","link":"https:\/\/www.mercatone-kassel.de\/shop\/shop\/weine\/rotwein\/amarone-della-valpolicella-docg-2015-dal-forno-romano-monte-lodoletta\/","title":{"rendered":"Amarone della Valpolicella DOCG 2015 &#8222;Dal Forno Romano&#8220; &#8211; Monte Lodoletta"},"content":{"rendered":"<p>Der Amarone della Valpolicella Monte Lodoletta 2016 bringt die Intensit\u00e4t des Weins auf ein fast unvorstellbares Niveau. Das ist die Magie dieses Weinguts, und ohne Zweifel nimmt dieser Wein eine Kategorie ein, die ihn in der italienischen Weinskala v\u00f6llig einzigartig macht. In diesem klassischen Jahrgang wirkt der Wein noch reicher, kr\u00e4ftiger und konzentrierter. Diese allgemeine Intensit\u00e4t \u00fcbertr\u00e4gt sich auch auf die straff gewickelten und festen Tannine. Schwarze Fr\u00fcchte, gebackene Pflaumen, Tabak, Sojasauce, gegrillte Kr\u00e4uter und s\u00fc\u00dfe Gew\u00fcrze sind gro\u00dfz\u00fcgig in die vollmundige Textur des Weins eingebettet. Dunkles Rubinrot, satt. In der Nase zun\u00e4chst nach Zimtstangen, reifen Brombeeren, Bitterschokolade, Waldbeermarmelade, Edelholz, ged\u00f6rrte Veilchenbl\u00fcten, sehr komplex. Zeigt sich sehr geschliffen am Gaumen, mit \u00f6liger, gro\u00dfer Textur, kommt in sehr vielen Schichten, konzentriert und doch nicht \u00fcppig, im Ausklang auf feinem Kokos, wird hervorragend reifen, unendlich lang.<\/p>\n","protected":false},"excerpt":{"rendered":"<p>Der Amarone della Valpolicella Monte Lodoletta 2016 bringt die Intensit\u00e4t des Weins auf ein fast unvorstellbares Niveau. Das ist die Magie dieses Weinguts, und ohne Zweifel nimmt dieser Wein eine Kategorie ein, die ihn in der italienischen Weinskala v\u00f6llig einzigartig macht. In diesem klassischen Jahrgang wirkt der Wein noch reicher, kr\u00e4ftiger und konzentrierter. Diese allgemeine [&hellip;]<\/p>\n","protected":false},"featured_media":19656,"comment_status":"open","ping_status":"closed","template":"","meta":[],"product_brand":[],"product_cat":[91,59,99,98,890],"product_tag":[551,1974,543],"class_list":{"0":"post-19621","1":"product","2":"type-product","3":"status-publish","4":"has-post-thumbnail","6":"product_cat-italien","7":"product_cat-rotwein","8":"product_cat-trocken","9":"product_cat-venetien","10":"product_cat-weine","11":"product_tag-amarone","12":"product_tag-monte_lodoletta","13":"product_tag-valpolicella","15":"first","16":"instock","17":"taxable","18":"shipping-taxable","19":"purchasable","20":"product-type-simple"},"_links":{"self":[{"href":"https:\/\/www.mercatone-kassel.de\/shop\/wp-json\/wp\/v2\/product\/19621","targetHints":{"allow":["GET"]}}],"collection":[{"href":"https:\/\/www.mercatone-kassel.de\/shop\/wp-json\/wp\/v2\/product"}],"about":[{"href":"https:\/\/www.mercatone-kassel.de\/shop\/wp-json\/wp\/v2\/types\/product"}],"replies":[{"embeddable":true,"href":"https:\/\/www.mercatone-kassel.de\/shop\/wp-json\/wp\/v2\/comments?post=19621"}],"wp:featuredmedia":[{"embeddable":true,"href":"https:\/\/www.mercatone-kassel.de\/shop\/wp-json\/wp\/v2\/media\/19656"}],"wp:attachment":[{"href":"https:\/\/www.mercatone-kassel.de\/shop\/wp-json\/wp\/v2\/media?parent=19621"}],"wp:term":[{"taxonomy":"product_brand","embeddable":true,"href":"https:\/\/www.mercatone-kassel.de\/shop\/wp-json\/wp\/v2\/product_brand?post=19621"},{"taxonomy":"product_cat","embeddable":true,"href":"https:\/\/www.mercatone-kassel.de\/shop\/wp-json\/wp\/v2\/product_cat?post=19621"},{"taxonomy":"product_tag","embeddable":true,"href":"https:\/\/www.mercatone-kassel.de\/shop\/wp-json\/wp\/v2\/product_tag?post=19621"}],"curies":[{"name":"wp","href":"https:\/\/api.w.org\/{rel}","templated":true}]}}