{"id":4773,"date":"2020-03-10T15:16:31","date_gmt":"2020-03-10T14:16:31","guid":{"rendered":"https:\/\/www.mercatone-kassel.de\/shop\/?post_type=product&#038;p=4773"},"modified":"2026-04-04T13:07:20","modified_gmt":"2026-04-04T11:07:20","slug":"grotte-sul-mare-falerio-carminucci","status":"publish","type":"product","link":"https:\/\/www.mercatone-kassel.de\/shop\/shop\/weine\/weisswein\/grotte-sul-mare-falerio-carminucci\/","title":{"rendered":"Bianco Marche Igt 2024 Grotte sul mare &#8211; Carminucci"},"content":{"rendered":"<p>Der Falerio Grotte sul Mare der Casa Vinicola Carminucci pr\u00e4sentiert sich nach seinem Stahlausbau im Glas in einem hellen Strohgelb.<\/p>\n<p>&nbsp;<\/p>\n<p>In der Nase zeigt er sich mit einem frisch-fruchtigen Aroma das von leicht floralen Nuancen untermalt wird. Auch am Gaumen ist der Wein wunderbar frisch und fruchtig.<\/p>\n<p>&nbsp;<\/p>\n<p>Der Falerio Grotte sul Mare ist ein unkomplizierter Wein, mit wenig S\u00e4ure und einer nicht zu aufdringlichen L\u00e4nge.<\/p>\n<p>&nbsp;<\/p>\n<p>Er passt gut zu leichterer K\u00fcche, Salat, Antipasti, hellem Fleisch, Gefl\u00fcgel, Fisch und Gem\u00fcse.<\/p>\n","protected":false},"excerpt":{"rendered":"<p>Der Falerio Grotte sul Mare der Casa Vinicola Carminucci pr\u00e4sentiert sich nach seinem Stahlausbau im Glas in einem hellen Strohgelb. &nbsp; In der Nase zeigt er sich mit einem frisch-fruchtigen Aroma das von leicht floralen Nuancen untermalt wird. Auch am Gaumen ist der Wein wunderbar frisch und fruchtig. &nbsp; Der Falerio Grotte sul Mare ist [&hellip;]<\/p>\n","protected":false},"featured_media":6273,"comment_status":"open","ping_status":"closed","template":"","meta":[],"product_brand":[],"product_cat":[91,111,99,67],"product_tag":[188,187,189,142,90],"class_list":{"0":"post-4773","1":"product","2":"type-product","3":"status-publish","4":"has-post-thumbnail","6":"product_cat-italien","7":"product_cat-marken","8":"product_cat-trocken","9":"product_cat-weisswein","10":"product_tag-carminucci","11":"product_tag-falerio","12":"product_tag-marken","13":"product_tag-trocken","14":"product_tag-weisswein","16":"first","17":"instock","18":"taxable","19":"shipping-taxable","20":"purchasable","21":"product-type-simple"},"_links":{"self":[{"href":"https:\/\/www.mercatone-kassel.de\/shop\/wp-json\/wp\/v2\/product\/4773","targetHints":{"allow":["GET"]}}],"collection":[{"href":"https:\/\/www.mercatone-kassel.de\/shop\/wp-json\/wp\/v2\/product"}],"about":[{"href":"https:\/\/www.mercatone-kassel.de\/shop\/wp-json\/wp\/v2\/types\/product"}],"replies":[{"embeddable":true,"href":"https:\/\/www.mercatone-kassel.de\/shop\/wp-json\/wp\/v2\/comments?post=4773"}],"wp:featuredmedia":[{"embeddable":true,"href":"https:\/\/www.mercatone-kassel.de\/shop\/wp-json\/wp\/v2\/media\/6273"}],"wp:attachment":[{"href":"https:\/\/www.mercatone-kassel.de\/shop\/wp-json\/wp\/v2\/media?parent=4773"}],"wp:term":[{"taxonomy":"product_brand","embeddable":true,"href":"https:\/\/www.mercatone-kassel.de\/shop\/wp-json\/wp\/v2\/product_brand?post=4773"},{"taxonomy":"product_cat","embeddable":true,"href":"https:\/\/www.mercatone-kassel.de\/shop\/wp-json\/wp\/v2\/product_cat?post=4773"},{"taxonomy":"product_tag","embeddable":true,"href":"https:\/\/www.mercatone-kassel.de\/shop\/wp-json\/wp\/v2\/product_tag?post=4773"}],"curies":[{"name":"wp","href":"https:\/\/api.w.org\/{rel}","templated":true}]}}