{"id":4795,"date":"2020-04-15T10:37:47","date_gmt":"2020-04-15T08:37:47","guid":{"rendered":"https:\/\/www.mercatone-kassel.de\/shop\/?post_type=product&#038;p=4795"},"modified":"2025-08-12T16:10:19","modified_gmt":"2025-08-12T14:10:19","slug":"vermentino-di-sardegna-doc-2021-costamolino-argiolas","status":"publish","type":"product","link":"https:\/\/www.mercatone-kassel.de\/shop\/shop\/weine\/weisswein\/vermentino-di-sardegna-doc-2021-costamolino-argiolas\/","title":{"rendered":"Vermentino di Sardegna Doc 2024 Costamolino &#8211; Argiolas"},"content":{"rendered":"<p>Das Weingut wurde 1918 f\u00fcnfzehn Kilometer von Cagliari entfernt im S\u00fcden Sardiniens gegr\u00fcndet. Mit hohen Investitionen Ende der 70iger legte die Familie den Grundstein f\u00fcr Ihren heutigen Erfolg. Mit Giacomo Tachis konnte vor einigen Jahren zudem einer der bekanntesten \u00d6nologen als Berater gewonnen werden. Mit modernster Kellertechnik und \u00fcber 1.700 franz\u00f6sischen Barriques konnten Fortschritt und Tradition in die Weinproduktion einflie\u00dfen. Diese Kellerei machte die Weine Sardiniens weltweit bekannt.<\/p>\n<p>&nbsp;<\/p>\n<p>Die Trauben f\u00fcr den Costamolino wachsen in den H\u00fcgeln der Gemeinden Pranu Sturru-Suelli, Costa Bancodi und Perda Campus-Selegas mit Lagen die bis auf 190 m H\u00f6he reichen. Die Trauben werden sorgf\u00e4ltig geerntet, leicht angedr\u00fcckt und anschlie\u00dfend sofort gek\u00fchlt um eine langsame G\u00e4rung \u00fcber 20 Tage zu gew\u00e4hrleisten. Nach der G\u00e4rung lagert der Wein auf der Feinhefe.<\/p>\n<p>&nbsp;<\/p>\n<p>Er besitzt ein feines und fruchtiges Bouquet von wei\u00dfen Pfirsichen, Ananas und Gardenie. Im Geschmack eine sehr rassige S\u00e4ure kombiniert mit frischen Zitrusaromen, was den Wein unglaublich frisch und spritzig wirken l\u00e4sst.<\/p>\n","protected":false},"excerpt":{"rendered":"<p>Das Weingut wurde 1918 f\u00fcnfzehn Kilometer von Cagliari entfernt im S\u00fcden Sardiniens gegr\u00fcndet. Mit hohen Investitionen Ende der 70iger legte die Familie den Grundstein f\u00fcr Ihren heutigen Erfolg. Mit Giacomo Tachis konnte vor einigen Jahren zudem einer der bekanntesten \u00d6nologen als Berater gewonnen werden. Mit modernster Kellertechnik und \u00fcber 1.700 franz\u00f6sischen Barriques konnten Fortschritt und [&hellip;]<\/p>\n","protected":false},"featured_media":6234,"comment_status":"open","ping_status":"closed","template":"","meta":[],"product_brand":[],"product_cat":[91,109,99,67],"product_tag":[268,267,142,266,90],"class_list":{"0":"post-4795","1":"product","2":"type-product","3":"status-publish","4":"has-post-thumbnail","6":"product_cat-italien","7":"product_cat-sardinien","8":"product_cat-trocken","9":"product_cat-weisswein","10":"product_tag-argiolas","11":"product_tag-sardinien","12":"product_tag-trocken","13":"product_tag-vermentino","14":"product_tag-weisswein","16":"first","17":"instock","18":"taxable","19":"shipping-taxable","20":"purchasable","21":"product-type-simple"},"_links":{"self":[{"href":"https:\/\/www.mercatone-kassel.de\/shop\/wp-json\/wp\/v2\/product\/4795","targetHints":{"allow":["GET"]}}],"collection":[{"href":"https:\/\/www.mercatone-kassel.de\/shop\/wp-json\/wp\/v2\/product"}],"about":[{"href":"https:\/\/www.mercatone-kassel.de\/shop\/wp-json\/wp\/v2\/types\/product"}],"replies":[{"embeddable":true,"href":"https:\/\/www.mercatone-kassel.de\/shop\/wp-json\/wp\/v2\/comments?post=4795"}],"wp:featuredmedia":[{"embeddable":true,"href":"https:\/\/www.mercatone-kassel.de\/shop\/wp-json\/wp\/v2\/media\/6234"}],"wp:attachment":[{"href":"https:\/\/www.mercatone-kassel.de\/shop\/wp-json\/wp\/v2\/media?parent=4795"}],"wp:term":[{"taxonomy":"product_brand","embeddable":true,"href":"https:\/\/www.mercatone-kassel.de\/shop\/wp-json\/wp\/v2\/product_brand?post=4795"},{"taxonomy":"product_cat","embeddable":true,"href":"https:\/\/www.mercatone-kassel.de\/shop\/wp-json\/wp\/v2\/product_cat?post=4795"},{"taxonomy":"product_tag","embeddable":true,"href":"https:\/\/www.mercatone-kassel.de\/shop\/wp-json\/wp\/v2\/product_tag?post=4795"}],"curies":[{"name":"wp","href":"https:\/\/api.w.org\/{rel}","templated":true}]}}