{"id":5125,"date":"2020-04-17T14:01:05","date_gmt":"2020-04-17T12:01:05","guid":{"rendered":"https:\/\/www.mercatone-kassel.de\/shop\/?post_type=product&#038;p=5125"},"modified":"2026-03-08T19:47:33","modified_gmt":"2026-03-08T18:47:33","slug":"prosecco-doc-treviso-millesimato-extra-dry-montagner","status":"publish","type":"product","link":"https:\/\/www.mercatone-kassel.de\/shop\/shop\/weine\/schaumwein\/prosecco-doc-treviso-millesimato-extra-dry-montagner\/","title":{"rendered":"Prosecco Doc Treviso Millesimato Extra Dry 2024 &#8211; Montagner"},"content":{"rendered":"<p>Weiss vinifizierte Trauben, von Hand gelesen und weich gepresst. Der Wein wird mit einer ersten G\u00e4rung in Edelstahltanks bei kontrollierter Temperatur erhalten. Der Sekt wird nach der italienischen Methode im Autoklav erzeugt (Charmat-Methode), Dauer ca. 60 Tage. Anschlie\u00dfende Filterung und kalt abgef\u00fcllt.<\/p>\n<p>&nbsp;<\/p>\n<p><strong>Passt zu:<\/strong><\/p>\n<p>&nbsp;<\/p>\n<p>Der Aperitif-Sekt schlechthin und sehr vielseitig. Sehr gut zu Risotto, Suppen und wei\u00dfem Fleisch. Ideal zu Fisch, insbesondere mit Muscheln, Meeresfr\u00fcchten, Schalentieren und Gem\u00fcse (Radicchio und Pilze).<\/p>\n<p>&nbsp;<\/p>\n<p><strong>Degustationsnotizen:<\/strong><\/p>\n<p>&nbsp;<\/p>\n<p>Strohgelber Wein, weinige\/leichte Blume und sehr fruchtig, erinnert an Glyzinien und Akazien, angenehmer und zarter Geschmack, harmonisch mit seinem moderaten Alkoholgehalt.<\/p>\n","protected":false},"excerpt":{"rendered":"<p>Weiss vinifizierte Trauben, von Hand gelesen und weich gepresst. Der Wein wird mit einer ersten G\u00e4rung in Edelstahltanks bei kontrollierter Temperatur erhalten. Der Sekt wird nach der italienischen Methode im Autoklav erzeugt (Charmat-Methode), Dauer ca. 60 Tage. Anschlie\u00dfende Filterung und kalt abgef\u00fcllt. &nbsp; Passt zu: &nbsp; Der Aperitif-Sekt schlechthin und sehr vielseitig. Sehr gut zu [&hellip;]<\/p>\n","protected":false},"featured_media":5126,"comment_status":"open","ping_status":"closed","template":"","meta":[],"product_brand":[],"product_cat":[403,91,1662,44,98],"product_tag":[406,305,369,404,228,362],"class_list":{"0":"post-5125","1":"product","2":"type-product","3":"status-publish","4":"has-post-thumbnail","6":"product_cat-halbtrocken","7":"product_cat-italien","8":"product_cat-neu","9":"product_cat-schaumwein","10":"product_cat-venetien","11":"product_tag-extra_dry","12":"product_tag-halbtrocken","13":"product_tag-montagner","14":"product_tag-prosecco","15":"product_tag-schaumwein","16":"product_tag-venetien","18":"first","19":"instock","20":"taxable","21":"shipping-taxable","22":"purchasable","23":"product-type-simple"},"_links":{"self":[{"href":"https:\/\/www.mercatone-kassel.de\/shop\/wp-json\/wp\/v2\/product\/5125","targetHints":{"allow":["GET"]}}],"collection":[{"href":"https:\/\/www.mercatone-kassel.de\/shop\/wp-json\/wp\/v2\/product"}],"about":[{"href":"https:\/\/www.mercatone-kassel.de\/shop\/wp-json\/wp\/v2\/types\/product"}],"replies":[{"embeddable":true,"href":"https:\/\/www.mercatone-kassel.de\/shop\/wp-json\/wp\/v2\/comments?post=5125"}],"wp:featuredmedia":[{"embeddable":true,"href":"https:\/\/www.mercatone-kassel.de\/shop\/wp-json\/wp\/v2\/media\/5126"}],"wp:attachment":[{"href":"https:\/\/www.mercatone-kassel.de\/shop\/wp-json\/wp\/v2\/media?parent=5125"}],"wp:term":[{"taxonomy":"product_brand","embeddable":true,"href":"https:\/\/www.mercatone-kassel.de\/shop\/wp-json\/wp\/v2\/product_brand?post=5125"},{"taxonomy":"product_cat","embeddable":true,"href":"https:\/\/www.mercatone-kassel.de\/shop\/wp-json\/wp\/v2\/product_cat?post=5125"},{"taxonomy":"product_tag","embeddable":true,"href":"https:\/\/www.mercatone-kassel.de\/shop\/wp-json\/wp\/v2\/product_tag?post=5125"}],"curies":[{"name":"wp","href":"https:\/\/api.w.org\/{rel}","templated":true}]}}