{"id":6152,"date":"2020-06-26T15:47:38","date_gmt":"2020-06-26T13:47:38","guid":{"rendered":"https:\/\/www.mercatone-kassel.de\/shop\/?post_type=product&#038;p=6152"},"modified":"2026-03-09T09:50:49","modified_gmt":"2026-03-09T08:50:49","slug":"grappa-moscato-invecchiata-40-07-lt-zanin","status":"publish","type":"product","link":"https:\/\/www.mercatone-kassel.de\/shop\/shop\/grappa_und_spirituosen\/grappa-moscato-invecchiata-40-07-lt-zanin\/","title":{"rendered":"Grappa Moscato ambrata 40\u00b0 0,7 lt. &#8211; Zanin"},"content":{"rendered":"<p>Im Jahr 1895 wurde die Distilleria Zanin von Bortola Zanin gegr\u00fcndet.<\/p>\n<p>Seither produziert die Destille \u00fcber 4 Generationen hinweg Br\u00e4nde von h\u00f6chster Qualit\u00e4t.<\/p>\n<p>Heute steht der Familienname Zanin als Synonym f\u00fcr Reinheit. Der Hauptfokus der Familie liegt auf der Herstellung von typisch italienischen Premium-Grappa. Es ist tief in der Firmenpolitik der Familie Zanin verankert, dass jedes erzeugte Destillat das Ergebnis von langer Erfahrung, liebevoller Leidenschaft und strengstem Qualit\u00e4tbewu\u00dftsein symbolisiert.<\/p>\n<p>Die Qualit\u00e4t des Grappas aus dem Hause der Distilleria Zanin wurde bereits mit \u00fcber 100 nationalen und internationalen Preisen ausgezeichnet. Die Kombination von Leidenschaft, Liebe und Geduld ist die Grundlage zur Herstellung dieser eleganten aber rassigen Destillate.<\/p>\n<p>&nbsp;<\/p>\n<p><strong>Rebsorte:<\/strong> Moscato rosso und Moscato giallo<\/p>\n<p>&nbsp;<\/p>\n<p><strong>Farbe:<\/strong> Leichtes Gelb.<\/p>\n<p>&nbsp;<\/p>\n<p><strong>Geschmack:<\/strong> Der Geschmack erinnert an Rosinen und hat einen kleinen bittere Mandelnachgeschmack,<\/p>\n<p>der so typisch bei Moscato Trauben ist.<\/p>\n<p>&nbsp;<\/p>\n<p><strong>Geruch:<\/strong> Grappa aus purem Trester; die besondere Erhaltung und die anschlie\u00dfende Destillation im diskontinuierlichen Verfahren geben diesem Grappa ein sehr delikates Parfum.<\/p>\n<p>&nbsp;<\/p>\n<p><img loading=\"lazy\" decoding=\"async\" class=\"alignnone wp-image-6499\" src=\"https:\/\/www.mercatone-kassel.de\/shop\/wp-content\/uploads\/2020\/06\/zanin-set-300x300.png\" alt=\"\" width=\"550\" height=\"550\" srcset=\"https:\/\/www.mercatone-kassel.de\/shop\/wp-content\/uploads\/2020\/06\/zanin-set-300x300.png 300w, https:\/\/www.mercatone-kassel.de\/shop\/wp-content\/uploads\/2020\/06\/zanin-set-100x100.png 100w, https:\/\/www.mercatone-kassel.de\/shop\/wp-content\/uploads\/2020\/06\/zanin-set-600x600.png 600w, https:\/\/www.mercatone-kassel.de\/shop\/wp-content\/uploads\/2020\/06\/zanin-set-64x64.png 64w, https:\/\/www.mercatone-kassel.de\/shop\/wp-content\/uploads\/2020\/06\/zanin-set-1024x1024.png 1024w, https:\/\/www.mercatone-kassel.de\/shop\/wp-content\/uploads\/2020\/06\/zanin-set-150x150.png 150w, https:\/\/www.mercatone-kassel.de\/shop\/wp-content\/uploads\/2020\/06\/zanin-set-768x768.png 768w, https:\/\/www.mercatone-kassel.de\/shop\/wp-content\/uploads\/2020\/06\/zanin-set-650x650.png 650w, https:\/\/www.mercatone-kassel.de\/shop\/wp-content\/uploads\/2020\/06\/zanin-set-1300x1300.png 1300w, https:\/\/www.mercatone-kassel.de\/shop\/wp-content\/uploads\/2020\/06\/zanin-set.png 1500w\" sizes=\"auto, (max-width: 550px) 100vw, 550px\" \/><\/p>\n","protected":false},"excerpt":{"rendered":"<p>Im Jahr 1895 wurde die Distilleria Zanin von Bortola Zanin gegr\u00fcndet. Seither produziert die Destille \u00fcber 4 Generationen hinweg Br\u00e4nde von h\u00f6chster Qualit\u00e4t. Heute steht der Familienname Zanin als Synonym f\u00fcr Reinheit. Der Hauptfokus der Familie liegt auf der Herstellung von typisch italienischen Premium-Grappa. Es ist tief in der Firmenpolitik der Familie Zanin verankert, dass [&hellip;]<\/p>\n","protected":false},"featured_media":6153,"comment_status":"open","ping_status":"closed","template":"","meta":[],"product_brand":[],"product_cat":[426],"product_tag":[430,428,451,895],"class_list":{"0":"post-6152","1":"product","2":"type-product","3":"status-publish","4":"has-post-thumbnail","6":"product_cat-grappa_und_spirituosen","7":"product_tag-barriques","8":"product_tag-grappa","9":"product_tag-moscato","10":"product_tag-zanin","12":"first","13":"instock","14":"taxable","15":"shipping-taxable","16":"purchasable","17":"product-type-simple"},"_links":{"self":[{"href":"https:\/\/www.mercatone-kassel.de\/shop\/wp-json\/wp\/v2\/product\/6152","targetHints":{"allow":["GET"]}}],"collection":[{"href":"https:\/\/www.mercatone-kassel.de\/shop\/wp-json\/wp\/v2\/product"}],"about":[{"href":"https:\/\/www.mercatone-kassel.de\/shop\/wp-json\/wp\/v2\/types\/product"}],"replies":[{"embeddable":true,"href":"https:\/\/www.mercatone-kassel.de\/shop\/wp-json\/wp\/v2\/comments?post=6152"}],"wp:featuredmedia":[{"embeddable":true,"href":"https:\/\/www.mercatone-kassel.de\/shop\/wp-json\/wp\/v2\/media\/6153"}],"wp:attachment":[{"href":"https:\/\/www.mercatone-kassel.de\/shop\/wp-json\/wp\/v2\/media?parent=6152"}],"wp:term":[{"taxonomy":"product_brand","embeddable":true,"href":"https:\/\/www.mercatone-kassel.de\/shop\/wp-json\/wp\/v2\/product_brand?post=6152"},{"taxonomy":"product_cat","embeddable":true,"href":"https:\/\/www.mercatone-kassel.de\/shop\/wp-json\/wp\/v2\/product_cat?post=6152"},{"taxonomy":"product_tag","embeddable":true,"href":"https:\/\/www.mercatone-kassel.de\/shop\/wp-json\/wp\/v2\/product_tag?post=6152"}],"curies":[{"name":"wp","href":"https:\/\/api.w.org\/{rel}","templated":true}]}}