{"id":6221,"date":"2020-06-05T16:05:30","date_gmt":"2020-06-05T14:05:30","guid":{"rendered":"https:\/\/www.mercatone-kassel.de\/shop\/?post_type=product&#038;p=6221"},"modified":"2026-03-17T11:47:03","modified_gmt":"2026-03-17T10:47:03","slug":"montepulciano-dabruzzo-dop-2015-indio-cantine-bove","status":"publish","type":"product","link":"https:\/\/www.mercatone-kassel.de\/shop\/shop\/weine\/rotwein\/montepulciano-dabruzzo-dop-2015-indio-cantine-bove\/","title":{"rendered":"Montepulciano d&#8217;Abruzzo Dop 2021 Indio &#8211; Cantine Bove"},"content":{"rendered":"<p>Dieser Montepulciano der Cantine Bove zeigt sich in kr\u00e4ftigem Rubinrot mit leicht violett schimmernden Reflexen.<\/p>\n<p>In der Nase entfaltet dieser italienische Bestseller-Rotwein aus der Abruzzen ein sehr intensives und vielschichtiges Bouquet. Duftende Noten von Pflaumen, Amarenakirschen und dunklen Waldfr\u00fcchten werden perfekt unterst\u00fctzt von subtilen Gew\u00fcrznuancen von Vanille, Kaffee und dunkler Schokolade.<\/p>\n<p>Am Gaumen wirkt der Indio Montepulciano d\u00b4Abruzzo Rotwein voll, kr\u00e4ftig und gut strukturiert mit fest gewirktem Tannin das perfekt mit den Fruchtaromen harmoniert. Sehr expansives und elegantes Finale das den Charakter des Terroirs im Wein herrlich widerspiegelt.<\/p>\n<p>&nbsp;<\/p>\n<p>&nbsp;<\/p>\n<p><strong>Trinkempfehlung:<\/strong><\/p>\n<p>Der Wein passt sehr gut zu kr\u00e4ftigen Pastagerichten, Grillspezialit\u00e4ten, Wild oder gereiftem K\u00e4se.<\/p>\n<p>&nbsp;<\/p>\n<p>&nbsp;<\/p>\n<p><strong>Weitere Informationen zum Indio Wein und Cantina Bove:<\/strong><\/p>\n<p>Die Rotweine der Cantina Vinicola Bove aus Italien zeichnen sich allesamt durch ein hervorragendes Preis- Leistungsverh\u00e4ltnis aus. Die Lese der Trauben f\u00fcr die Montepulciano d\u00b4Abruzzo Weine erfolgt in dieser Cantina per Hand in mehreren Durchg\u00e4ngen um so eine optimale Reife der Weintrauben zu gew\u00e4hrleisten. Gleich nach der Ernte werden die Trauben f\u00fcr alle Rotweine sofort schonend gepresst und in temperaturkontrollierten Edelstahltanks vergoren um dann anschlie\u00dfend in gro\u00dfen Holzf\u00e4ssern zu Reifen. Das Ergebnis sind terroirbezogene und maskuline Rotweine mit kr\u00e4ftigem Vol. Alkohol der jedoch immer perfekt und rund eingebunden ist.<\/p>\n","protected":false},"excerpt":{"rendered":"<p>Dieser Montepulciano der Cantine Bove zeigt sich in kr\u00e4ftigem Rubinrot mit leicht violett schimmernden Reflexen. In der Nase entfaltet dieser italienische Bestseller-Rotwein aus der Abruzzen ein sehr intensives und vielschichtiges Bouquet. Duftende Noten von Pflaumen, Amarenakirschen und dunklen Waldfr\u00fcchten werden perfekt unterst\u00fctzt von subtilen Gew\u00fcrznuancen von Vanille, Kaffee und dunkler Schokolade. Am Gaumen wirkt der [&hellip;]<\/p>\n","protected":false},"featured_media":8499,"comment_status":"open","ping_status":"closed","template":"","meta":[],"product_brand":[],"product_cat":[97,91,59,99],"product_tag":[320,319,86,142],"class_list":{"0":"post-6221","1":"product","2":"type-product","3":"status-publish","4":"has-post-thumbnail","6":"product_cat-abruzzen","7":"product_cat-italien","8":"product_cat-rotwein","9":"product_cat-trocken","10":"product_tag-abruzzen","11":"product_tag-montepulciano","12":"product_tag-rotwein","13":"product_tag-trocken","15":"first","16":"instock","17":"taxable","18":"shipping-taxable","19":"purchasable","20":"product-type-simple"},"_links":{"self":[{"href":"https:\/\/www.mercatone-kassel.de\/shop\/wp-json\/wp\/v2\/product\/6221","targetHints":{"allow":["GET"]}}],"collection":[{"href":"https:\/\/www.mercatone-kassel.de\/shop\/wp-json\/wp\/v2\/product"}],"about":[{"href":"https:\/\/www.mercatone-kassel.de\/shop\/wp-json\/wp\/v2\/types\/product"}],"replies":[{"embeddable":true,"href":"https:\/\/www.mercatone-kassel.de\/shop\/wp-json\/wp\/v2\/comments?post=6221"}],"wp:featuredmedia":[{"embeddable":true,"href":"https:\/\/www.mercatone-kassel.de\/shop\/wp-json\/wp\/v2\/media\/8499"}],"wp:attachment":[{"href":"https:\/\/www.mercatone-kassel.de\/shop\/wp-json\/wp\/v2\/media?parent=6221"}],"wp:term":[{"taxonomy":"product_brand","embeddable":true,"href":"https:\/\/www.mercatone-kassel.de\/shop\/wp-json\/wp\/v2\/product_brand?post=6221"},{"taxonomy":"product_cat","embeddable":true,"href":"https:\/\/www.mercatone-kassel.de\/shop\/wp-json\/wp\/v2\/product_cat?post=6221"},{"taxonomy":"product_tag","embeddable":true,"href":"https:\/\/www.mercatone-kassel.de\/shop\/wp-json\/wp\/v2\/product_tag?post=6221"}],"curies":[{"name":"wp","href":"https:\/\/api.w.org\/{rel}","templated":true}]}}