{"id":6270,"date":"2020-06-09T15:31:02","date_gmt":"2020-06-09T13:31:02","guid":{"rendered":"https:\/\/www.mercatone-kassel.de\/shop\/?post_type=product&#038;p=6270"},"modified":"2025-02-21T10:47:29","modified_gmt":"2025-02-21T09:47:29","slug":"primitivo-di-manduria-dop-2017-60-anni-15-lt-holzkiste-cantina-san-marzano","status":"publish","type":"product","link":"https:\/\/www.mercatone-kassel.de\/shop\/shop\/weine\/rotwein\/primitivo-di-manduria-dop-2017-60-anni-15-lt-holzkiste-cantina-san-marzano\/","title":{"rendered":"Primitivo di Manduria Dop 2018 &#8222;60 Anni&#8220;  1,5 Lt Holzkiste &#8211; Cantina San Marzano"},"content":{"rendered":"<p>Die Cantine San Marzano ist im Herzen Apuliens in San Marzano di San Giuseppe beheimatet, gelegen zwischen Tarent und Bari. Die Cantine wurde 1962 von 19 Winzerfamilien gegr\u00fcndet und hat sich zu einem der modernsten und gr\u00f6\u00dften Weinbau-Betriebe im S\u00fcden Italiens entwickelt.<\/p>\n<p>&nbsp;<\/p>\n<p>Primitivo und Manduria sind einfach nicht voneinander zu trennen. Hier, rund um das uralte St\u00e4dtchen Manduria im Salento, tief im S\u00fcden des italienischen Stiefelabsatzes, gibt es perfekte Bedingungen f\u00fcr die mittlerweile weltber\u00fchmte Rebsorte Apuliens, den Primitivo. Und wenig andere Winzer haben sich so ins Zeug gelegt, diese Rebsorte wieder gro\u00df zu machen, wie die der Cantine San Marzano.<\/p>\n<p>&nbsp;<\/p>\n<p>Das beste Beispiel sind die Cru der Cantine, der &#8218;Anniversario 62&#8216; und der &#8218;Sessantani&#8216;. Und der samtig-intensive &#8218;Sessantani&#8216; verbl\u00fcfft reihenweise die Weinkritiker, die sensationelle Bewertungen ausrufen: 3 Gl\u00e4ser im Gambero Rosso sowie die H\u00f6chstnote von 99 Punkten von Italiens Weinkritiker Luca Maroni. Che bello!<\/p>\n<p>&nbsp;<\/p>\n<p>Alleine das Purpurrot im Glas ist bereits eine Verlockung. Und auch die Nase wird bet\u00f6rt mit allerlei dunkelfruchtigen Aromen, die dem Glas entsteigen: Kirschen, Pflaumen, Kompott und Cassis. Auch der Ausbau im Fass macht sich hier schon bemerkbar, neben der Frucht zeigen sich auch R\u00f6staromen wie Vanille und Bitterschokolade. Am Gaumen pr\u00e4sentiert sich der Wein einfach nur samtig und weich. Die Tannine gleiten wie poliert \u00fcber die Zunge, der Geschmack breitet sich wohlig im Mund aus, bevor im lange Finale nachklingt.<\/p>\n<p>&nbsp;<\/p>\n<p>Der &#8218;Sessantanni&#8216; Primitivo di Manduria der Cantine San Marzano ruft ganz laut nach italienischer K\u00fcche. Ob Antipasti, Pizza oder Pasta &#8211; lassen Sie ihrer Phantasie freien Lauf.<\/p>\n<p>&nbsp;<\/p>\n<p>Der &#8218;Sessantanni&#8216; Primitivo di Manduria ist zu 100 % aus Primitivo vinifiziert. Die Rebst\u00f6cke haben teilweise ein Alter von \u00fcber 60 Jahren &#8211; ein Garant f\u00fcr Komplexit\u00e4t und Dichte. Nach der Lese und der sorgf\u00e4ltigen Selektion im Keller werden die Trauben schonen vinifiziert. Nach der G\u00e4rung geht es f\u00fcr einige Monate in Holz, zum Teil ins Barrique, zum anderen Teil in gr\u00f6\u00dfere F\u00e4sser aus slowenischer Eiche.<\/p>\n","protected":false},"excerpt":{"rendered":"<p>Die Cantine San Marzano ist im Herzen Apuliens in San Marzano di San Giuseppe beheimatet, gelegen zwischen Tarent und Bari. Die Cantine wurde 1962 von 19 Winzerfamilien gegr\u00fcndet und hat sich zu einem der modernsten und gr\u00f6\u00dften Weinbau-Betriebe im S\u00fcden Italiens entwickelt. &nbsp; Primitivo und Manduria sind einfach nicht voneinander zu trennen. Hier, rund um [&hellip;]<\/p>\n","protected":false},"featured_media":5046,"comment_status":"open","ping_status":"closed","template":"","meta":[],"product_brand":[],"product_cat":[106,91,909,59,99],"product_tag":[236,911,241,86,234,142],"class_list":{"0":"post-6270","1":"product","2":"type-product","3":"status-publish","4":"has-post-thumbnail","6":"product_cat-apulien","7":"product_cat-italien","8":"product_cat-magnumflaschen","9":"product_cat-rotwein","10":"product_cat-trocken","11":"product_tag-apulien","12":"product_tag-magnum","13":"product_tag-primitivo","14":"product_tag-rotwein","15":"product_tag-san_marzano","16":"product_tag-trocken","18":"first","19":"instock","20":"taxable","21":"shipping-taxable","22":"purchasable","23":"product-type-simple"},"_links":{"self":[{"href":"https:\/\/www.mercatone-kassel.de\/shop\/wp-json\/wp\/v2\/product\/6270","targetHints":{"allow":["GET"]}}],"collection":[{"href":"https:\/\/www.mercatone-kassel.de\/shop\/wp-json\/wp\/v2\/product"}],"about":[{"href":"https:\/\/www.mercatone-kassel.de\/shop\/wp-json\/wp\/v2\/types\/product"}],"replies":[{"embeddable":true,"href":"https:\/\/www.mercatone-kassel.de\/shop\/wp-json\/wp\/v2\/comments?post=6270"}],"wp:featuredmedia":[{"embeddable":true,"href":"https:\/\/www.mercatone-kassel.de\/shop\/wp-json\/wp\/v2\/media\/5046"}],"wp:attachment":[{"href":"https:\/\/www.mercatone-kassel.de\/shop\/wp-json\/wp\/v2\/media?parent=6270"}],"wp:term":[{"taxonomy":"product_brand","embeddable":true,"href":"https:\/\/www.mercatone-kassel.de\/shop\/wp-json\/wp\/v2\/product_brand?post=6270"},{"taxonomy":"product_cat","embeddable":true,"href":"https:\/\/www.mercatone-kassel.de\/shop\/wp-json\/wp\/v2\/product_cat?post=6270"},{"taxonomy":"product_tag","embeddable":true,"href":"https:\/\/www.mercatone-kassel.de\/shop\/wp-json\/wp\/v2\/product_tag?post=6270"}],"curies":[{"name":"wp","href":"https:\/\/api.w.org\/{rel}","templated":true}]}}