{"id":6639,"date":"2020-07-27T14:20:50","date_gmt":"2020-07-27T12:20:50","guid":{"rendered":"https:\/\/www.mercatone-kassel.de\/shop\/?post_type=product&#038;p=6639"},"modified":"2025-10-17T13:19:13","modified_gmt":"2025-10-17T11:19:13","slug":"efeso-val-di-neto-bianco-igt-calabria-2020-librandi","status":"publish","type":"product","link":"https:\/\/www.mercatone-kassel.de\/shop\/shop\/weine\/weisswein\/efeso-val-di-neto-bianco-igt-calabria-2020-librandi\/","title":{"rendered":"Efeso Tenuta Rosaneti Igt Calabria 2022 &#8211; Librandi"},"content":{"rendered":"<p>Der Librandi Efeso Bianco kommt in einem hellen Strohgelb mit goldgr\u00fcnen Reflexen ins Glas. Das vielschichtige Bukett verf\u00fchrt mit fruchtigen Noten von \u00c4pfeln, exotischen Fr\u00fcchten und Orangenschalen und wird abgerundet durch w\u00fcrzige Komponenten wie Vanille, Honig, Sanddorn und Berberitzen. Leicht balsamische Nuancen von Minze und Menthol gesellen sich hinzu.<\/p>\n<p>&nbsp;<\/p>\n<p>Am Gaumen pr\u00e4sentiert sich der Librandi Efeso Bianco \u00fcberaus opulent, kraftvoll und f\u00fcllig. Eine sch\u00f6n abgestimmte Fruchts\u00e4ure und die harmonische Mineralit\u00e4t wirken entgegen und sorgen f\u00fcr eine erfrischende Jugendlichkeit. Speziell in Kombination mit Fischgerichten oder Meeresfr\u00fcchten ist dieser exzellente Wei\u00dfwein eine geschmackliche Bereicherung.<\/p>\n<p>&nbsp;<\/p>\n<p><strong>Auszeichnungen:<\/strong><\/p>\n<p>BELViNi.DE 91 Punkte f\u00fcr 2016<br \/>\nGambero Rosso 2 Gl\u00e4ser f\u00fcr 2016<br \/>\nVeronelli 92 Punkte f\u00fcr 2016<br \/>\nLuca Maroni 89 Punkte f\u00fcr 2016<br \/>\nBibenda 4 Trauben f\u00fcr 2016<br \/>\nVitae 4 Reben f\u00fcr 2016<br \/>\nVini Buoni 3 Sterne f\u00fcr 2016<\/p>\n","protected":false},"excerpt":{"rendered":"<p>Der Librandi Efeso Bianco kommt in einem hellen Strohgelb mit goldgr\u00fcnen Reflexen ins Glas. Das vielschichtige Bukett verf\u00fchrt mit fruchtigen Noten von \u00c4pfeln, exotischen Fr\u00fcchten und Orangenschalen und wird abgerundet durch w\u00fcrzige Komponenten wie Vanille, Honig, Sanddorn und Berberitzen. Leicht balsamische Nuancen von Minze und Menthol gesellen sich hinzu. &nbsp; Am Gaumen pr\u00e4sentiert sich der [&hellip;]<\/p>\n","protected":false},"featured_media":6640,"comment_status":"open","ping_status":"closed","template":"","meta":[],"product_brand":[],"product_cat":[91,108,99,67],"product_tag":[331,332,1003,142,90],"class_list":{"0":"post-6639","1":"product","2":"type-product","3":"status-publish","4":"has-post-thumbnail","6":"product_cat-italien","7":"product_cat-kalabrien","8":"product_cat-trocken","9":"product_cat-weisswein","10":"product_tag-kalabrien","11":"product_tag-librandi","12":"product_tag-mantonico","13":"product_tag-trocken","14":"product_tag-weisswein","16":"first","17":"instock","18":"taxable","19":"shipping-taxable","20":"purchasable","21":"product-type-simple"},"_links":{"self":[{"href":"https:\/\/www.mercatone-kassel.de\/shop\/wp-json\/wp\/v2\/product\/6639","targetHints":{"allow":["GET"]}}],"collection":[{"href":"https:\/\/www.mercatone-kassel.de\/shop\/wp-json\/wp\/v2\/product"}],"about":[{"href":"https:\/\/www.mercatone-kassel.de\/shop\/wp-json\/wp\/v2\/types\/product"}],"replies":[{"embeddable":true,"href":"https:\/\/www.mercatone-kassel.de\/shop\/wp-json\/wp\/v2\/comments?post=6639"}],"wp:featuredmedia":[{"embeddable":true,"href":"https:\/\/www.mercatone-kassel.de\/shop\/wp-json\/wp\/v2\/media\/6640"}],"wp:attachment":[{"href":"https:\/\/www.mercatone-kassel.de\/shop\/wp-json\/wp\/v2\/media?parent=6639"}],"wp:term":[{"taxonomy":"product_brand","embeddable":true,"href":"https:\/\/www.mercatone-kassel.de\/shop\/wp-json\/wp\/v2\/product_brand?post=6639"},{"taxonomy":"product_cat","embeddable":true,"href":"https:\/\/www.mercatone-kassel.de\/shop\/wp-json\/wp\/v2\/product_cat?post=6639"},{"taxonomy":"product_tag","embeddable":true,"href":"https:\/\/www.mercatone-kassel.de\/shop\/wp-json\/wp\/v2\/product_tag?post=6639"}],"curies":[{"name":"wp","href":"https:\/\/api.w.org\/{rel}","templated":true}]}}