{"id":8585,"date":"2021-03-26T14:16:11","date_gmt":"2021-03-26T13:16:11","guid":{"rendered":"https:\/\/www.mercatone-kassel.de\/shop\/?post_type=product&#038;p=8585"},"modified":"2024-07-05T12:54:09","modified_gmt":"2024-07-05T10:54:09","slug":"corvina-veronese-leggero-appassimento-igt-2017-massinoti","status":"publish","type":"product","link":"https:\/\/www.mercatone-kassel.de\/shop\/shop\/weine\/rotwein\/corvina-veronese-leggero-appassimento-igt-2017-massinoti\/","title":{"rendered":"Corvina Veronese Leggero Appassimento Igt 2019 &#8211; Massinoti"},"content":{"rendered":"<p>Die Weinberge liegen auf 100 bis 150 Meter \u00fcber dem Meer und weisen ein Terroir aus Sand, Kies, Ton und Kalk auf.<\/p>\n<p>&nbsp;<\/p>\n<p>Durch sanfte Pressung des Traubenguts und eine lange Verweilzeit des Mostes auf der Maische rieft hier ein au\u00dfergew\u00f6hnlicher Rotwein aus Venetien heran. Der Corvina IGT del Veronese 2017 leuchtet intensiv rubinrot im Glas.<\/p>\n<p>&nbsp;<\/p>\n<p>Das Aroma ist gepr\u00e4gt durch Sauerkirschen und schwarzem Pfeffer. Dazu kommen Obert\u00f6ne von Bergkr\u00e4utern, Anis und Lakritz. Die Sorte Corvina Veronese ist die Hauptrebsorte der Valpolicella-Weine. Sie wird jedoch selten reinsortig ausgebaut. Massinoti schafft es hier, aus dieser schwierigen Rebsorte einen gleicherma\u00dfen eigenst\u00e4ndigen wie harmonischen Wein zu zaubern.<\/p>\n","protected":false},"excerpt":{"rendered":"<p>Die Weinberge liegen auf 100 bis 150 Meter \u00fcber dem Meer und weisen ein Terroir aus Sand, Kies, Ton und Kalk auf. &nbsp; Durch sanfte Pressung des Traubenguts und eine lange Verweilzeit des Mostes auf der Maische rieft hier ein au\u00dfergew\u00f6hnlicher Rotwein aus Venetien heran. Der Corvina IGT del Veronese 2017 leuchtet intensiv rubinrot im [&hellip;]<\/p>\n","protected":false},"featured_media":8587,"comment_status":"open","ping_status":"closed","template":"","meta":[],"product_brand":[],"product_cat":[91,59,99,98],"product_tag":[1124,784,414,86,362],"class_list":{"0":"post-8585","1":"product","2":"type-product","3":"status-publish","4":"has-post-thumbnail","6":"product_cat-italien","7":"product_cat-rotwein","8":"product_cat-trocken","9":"product_cat-venetien","10":"product_tag-appassimento","11":"product_tag-corvina_veronese","12":"product_tag-massinoti","13":"product_tag-rotwein","14":"product_tag-venetien","16":"first","17":"instock","18":"taxable","19":"shipping-taxable","20":"purchasable","21":"product-type-simple"},"_links":{"self":[{"href":"https:\/\/www.mercatone-kassel.de\/shop\/wp-json\/wp\/v2\/product\/8585","targetHints":{"allow":["GET"]}}],"collection":[{"href":"https:\/\/www.mercatone-kassel.de\/shop\/wp-json\/wp\/v2\/product"}],"about":[{"href":"https:\/\/www.mercatone-kassel.de\/shop\/wp-json\/wp\/v2\/types\/product"}],"replies":[{"embeddable":true,"href":"https:\/\/www.mercatone-kassel.de\/shop\/wp-json\/wp\/v2\/comments?post=8585"}],"wp:featuredmedia":[{"embeddable":true,"href":"https:\/\/www.mercatone-kassel.de\/shop\/wp-json\/wp\/v2\/media\/8587"}],"wp:attachment":[{"href":"https:\/\/www.mercatone-kassel.de\/shop\/wp-json\/wp\/v2\/media?parent=8585"}],"wp:term":[{"taxonomy":"product_brand","embeddable":true,"href":"https:\/\/www.mercatone-kassel.de\/shop\/wp-json\/wp\/v2\/product_brand?post=8585"},{"taxonomy":"product_cat","embeddable":true,"href":"https:\/\/www.mercatone-kassel.de\/shop\/wp-json\/wp\/v2\/product_cat?post=8585"},{"taxonomy":"product_tag","embeddable":true,"href":"https:\/\/www.mercatone-kassel.de\/shop\/wp-json\/wp\/v2\/product_tag?post=8585"}],"curies":[{"name":"wp","href":"https:\/\/api.w.org\/{rel}","templated":true}]}}