{"id":9348,"date":"2024-07-04T13:32:11","date_gmt":"2024-07-04T11:32:11","guid":{"rendered":"https:\/\/www.mercatone-kassel.de\/shop\/?post_type=product&#038;p=9348"},"modified":"2024-07-05T12:11:48","modified_gmt":"2024-07-05T10:11:48","slug":"pourriture-noble-muffa-nobile-orvieto-classico-2016-doc-decugnano-dei-barbi","status":"publish","type":"product","link":"https:\/\/www.mercatone-kassel.de\/shop\/shop\/weine\/dessert_wein\/pourriture-noble-muffa-nobile-orvieto-classico-2016-doc-decugnano-dei-barbi\/","title":{"rendered":"Pourriture Noble Muffa Nobile Orvieto Classico 2016 Doc &#8211; Decugnano dei Barbi"},"content":{"rendered":"<p class=\"tw-data-text tw-text-large tw-ta\" dir=\"ltr\" data-placeholder=\"\u00dcbersetzung\"><span class=\"Y2IQFc\" lang=\"de\">Die Definition von Pourriture Noble als \u201es\u00fc\u00dfer Wein\u201c ist sehr einfach. Es ist ein Wein, der fesselt und \u00fcberrascht, dessen Komplexit\u00e4t, die sich Schluck f\u00fcr Schluck entfaltet, auf Erinnerungen und Reflexionen verweist.<\/span><\/p>\n<p class=\"tw-data-text tw-text-large tw-ta\" dir=\"ltr\" data-placeholder=\"\u00dcbersetzung\">Stammt aus einigen Weinbergen, die aufgrund einer gl\u00fccklichen Kombination des Mikroklimas von Edelf\u00e4ule (franz\u00f6sisch: pourriture noble) befallen sind. Eine sorgf\u00e4ltige Ernte in mehreren aufeinanderfolgenden Schritten, sofortiges Pressen und lange G\u00e4rung erm\u00f6glichen es uns, diese Rarit\u00e4t zu erhalten: einen kostbaren, exquisiten, streng nat\u00fcrlichen Wein.<\/p>\n<p class=\"tw-data-text tw-text-large tw-ta\" dir=\"ltr\" data-placeholder=\"\u00dcbersetzung\">W\u00e4hrend andernorts Botrytis eine Krankheit ist, die den Weinstock sch\u00e4digt, wird sie in Decugnano und Orvieto zum Wunder der Edelf\u00e4ule. Die Herstellung dieses Weines geh\u00f6rt zu den komplexesten \u00fcberhaupt, bei der nichts als selbstverst\u00e4ndlich vorausgesetzt wird.<\/p>\n","protected":false},"excerpt":{"rendered":"<p>Die Definition von Pourriture Noble als \u201es\u00fc\u00dfer Wein\u201c ist sehr einfach. Es ist ein Wein, der fesselt und \u00fcberrascht, dessen Komplexit\u00e4t, die sich Schluck f\u00fcr Schluck entfaltet, auf Erinnerungen und Reflexionen verweist. Stammt aus einigen Weinbergen, die aufgrund einer gl\u00fccklichen Kombination des Mikroklimas von Edelf\u00e4ule (franz\u00f6sisch: pourriture noble) befallen sind. Eine sorgf\u00e4ltige Ernte in mehreren [&hellip;]<\/p>\n","protected":false},"featured_media":9358,"comment_status":"open","ping_status":"closed","template":"","meta":[],"product_brand":[],"product_cat":[51,91,209,114,67],"product_tag":[1410,211,1411,1425,1412,877,1426,424,1409],"class_list":{"0":"post-9348","1":"product","2":"type-product","3":"status-publish","4":"has-post-thumbnail","6":"product_cat-dessert_wein","7":"product_cat-italien","8":"product_cat-suess","9":"product_cat-umbrien","10":"product_cat-weisswein","11":"product_tag-decugnano_dei_barbi","12":"product_tag-dessert_wein","13":"product_tag-grechetto","14":"product_tag-orvieto_classico","15":"product_tag-procanico","16":"product_tag-sauvignon_blanc","17":"product_tag-semillion","18":"product_tag-suess","19":"product_tag-umbrien","21":"first","22":"instock","23":"taxable","24":"shipping-taxable","25":"purchasable","26":"product-type-simple"},"_links":{"self":[{"href":"https:\/\/www.mercatone-kassel.de\/shop\/wp-json\/wp\/v2\/product\/9348","targetHints":{"allow":["GET"]}}],"collection":[{"href":"https:\/\/www.mercatone-kassel.de\/shop\/wp-json\/wp\/v2\/product"}],"about":[{"href":"https:\/\/www.mercatone-kassel.de\/shop\/wp-json\/wp\/v2\/types\/product"}],"replies":[{"embeddable":true,"href":"https:\/\/www.mercatone-kassel.de\/shop\/wp-json\/wp\/v2\/comments?post=9348"}],"wp:featuredmedia":[{"embeddable":true,"href":"https:\/\/www.mercatone-kassel.de\/shop\/wp-json\/wp\/v2\/media\/9358"}],"wp:attachment":[{"href":"https:\/\/www.mercatone-kassel.de\/shop\/wp-json\/wp\/v2\/media?parent=9348"}],"wp:term":[{"taxonomy":"product_brand","embeddable":true,"href":"https:\/\/www.mercatone-kassel.de\/shop\/wp-json\/wp\/v2\/product_brand?post=9348"},{"taxonomy":"product_cat","embeddable":true,"href":"https:\/\/www.mercatone-kassel.de\/shop\/wp-json\/wp\/v2\/product_cat?post=9348"},{"taxonomy":"product_tag","embeddable":true,"href":"https:\/\/www.mercatone-kassel.de\/shop\/wp-json\/wp\/v2\/product_tag?post=9348"}],"curies":[{"name":"wp","href":"https:\/\/api.w.org\/{rel}","templated":true}]}}